{"id":5062,"date":"2024-07-26T08:24:50","date_gmt":"2024-07-26T08:24:50","guid":{"rendered":"https:\/\/munbu.bilkent.edu.tr\/?page_id=5062"},"modified":"2026-01-10T12:10:51","modified_gmt":"2026-01-10T12:10:51","slug":"ecosoc-2","status":"publish","type":"page","link":"https:\/\/munbu.bilkent.edu.tr\/?page_id=5062","title":{"rendered":"UNODC"},"content":{"rendered":"<div data-colibri-id=\"5062-c1\" class=\"style-1552 style-local-5062-c1 position-relative\">\n  <!---->\n  <div data-colibri-component=\"section\" data-colibri-id=\"5062-c2\" id=\"custom\" class=\"h-section h-section-global-spacing d-flex align-items-lg-center align-items-md-center align-items-center style-1553 style-local-5062-c2 position-relative\">\n    <!---->\n    <!---->\n    <div class=\"h-section-grid-container h-section-boxed-container\">\n      <!---->\n      <div data-colibri-id=\"5062-c3\" class=\"h-row-container gutters-row-lg-2 gutters-row-md-2 gutters-row-0 gutters-row-v-lg-2 gutters-row-v-md-2 gutters-row-v-2 style-1554 style-local-5062-c3 position-relative\">\n        <!---->\n        <div class=\"h-row justify-content-lg-center justify-content-md-center justify-content-center align-items-lg-stretch align-items-md-stretch align-items-stretch gutters-col-lg-2 gutters-col-md-2 gutters-col-0 gutters-col-v-lg-2 gutters-col-v-md-2 gutters-col-v-2\">\n          <!---->\n          <div class=\"h-column h-column-container d-flex h-col-lg-auto h-col-md-auto h-col-auto style-1555-outer style-local-5062-c4-outer\">\n            <div data-colibri-id=\"5062-c4\" class=\"d-flex h-flex-basis h-column__inner h-px-lg-2 h-px-md-2 h-px-2 v-inner-lg-2 v-inner-md-2 v-inner-2 style-1555 style-local-5062-c4 position-relative\">\n              <!---->\n              <!---->\n              <div class=\"w-100 h-y-container h-column__content h-column__v-align flex-basis-100 align-self-lg-start align-self-md-start align-self-start\">\n                <!---->\n                <div data-colibri-id=\"5062-c5\" class=\"h-text h-text-component style-1556 style-local-5062-c5 position-relative h-element\">\n                  <!---->\n                  <!---->\n                  <div class=\"\">\n                    <h1>United Nations Office on Drugs and Crime (UNODC)<\/h1>\n                    <p>\n                      <br>\n                    <\/p>\n                  <\/div>\n                <\/div>\n              <\/div>\n            <\/div>\n          <\/div>\n        <\/div>\n      <\/div>\n      <div data-colibri-id=\"5062-c6\" class=\"h-row-container gutters-row-lg-2 gutters-row-md-2 gutters-row-0 gutters-row-v-lg-2 gutters-row-v-md-2 gutters-row-v-2 style-1557 style-local-5062-c6 position-relative\">\n        <!---->\n        <div class=\"h-row justify-content-lg-center justify-content-md-center justify-content-center align-items-lg-stretch align-items-md-stretch align-items-stretch gutters-col-lg-2 gutters-col-md-2 gutters-col-0 gutters-col-v-lg-2 gutters-col-v-md-2 gutters-col-v-2\">\n          <!---->\n          <div class=\"h-column h-column-container d-flex h-col-lg-auto h-col-md-auto h-col-auto style-1558-outer style-local-5062-c7-outer\">\n            <div data-colibri-id=\"5062-c7\" class=\"d-flex h-flex-basis h-column__inner h-px-lg-2 h-px-md-2 h-px-2 v-inner-lg-2 v-inner-md-2 v-inner-2 style-1558 style-local-5062-c7 position-relative\">\n              <!---->\n              <!---->\n              <div class=\"w-100 h-y-container h-column__content h-column__v-align flex-basis-100 align-self-lg-start align-self-md-start align-self-start\">\n                <!---->\n                <div data-colibri-id=\"5062-c8\" class=\"h-text h-text-component style-1559 style-local-5062-c8 position-relative h-element\">\n                  <!---->\n                  <!---->\n                  <div class=\"\">\n                    <p><strong style=\"color: black; font-family: &quot;Open Sans&quot;, sans-serif;\">Co-Under Secretary General:<\/strong><span style=\"color: black; font-family: &quot;Open Sans&quot;, sans-serif;\">&nbsp;B<\/span><span style=\"color: rgb(0, 0, 0); font-family: &quot;Open Sans&quot;, sans-serif; font-size: 16px; font-weight: 400;\">a\u015fak Tuncer<\/span><\/p>\n                    <p><strong style=\"color: black; font-family: &quot;Open Sans&quot;, sans-serif;\">Co-Under Secretary General:<\/strong><span style=\"color: black; font-family: &quot;Open Sans&quot;, sans-serif;\">&nbsp;Damlanur K\u0131l\u0131\u00e7<\/span><\/p>\n                    <p><strong style=\"color: black; font-family: &quot;Open Sans&quot;, sans-serif;\">Agenda Item I:&nbsp;<\/strong><em style=\"color: black; font-family: &quot;Open Sans&quot;, sans-serif;\">Improving Border Management and Technology Use to Prevent Migrant Smuggling<\/em><\/p>\n                    <p><strong style=\"color: black; font-family: &quot;Open Sans&quot;, sans-serif;\">Agenda Item II:&nbsp;<\/strong><em style=\"color: black; font-family: &quot;Open Sans&quot;, sans-serif;\">Addressing the Impact of the Usage of Cryptocurrencies in Organized Crime and Building Meaningful Measures<\/em><\/p>\n                    <p>\n                      <br>\n                    <\/p>\n                  <\/div>\n                <\/div>\n                <div data-colibri-id=\"5062-c9\" class=\"h-row-container gutters-row-lg-2 gutters-row-md-2 gutters-row-0 gutters-row-v-lg-2 gutters-row-v-md-2 gutters-row-v-2 style-1937 style-local-5062-c9 position-relative\">\n                  <!---->\n                  <div class=\"h-row justify-content-lg-center justify-content-md-center justify-content-center align-items-lg-stretch align-items-md-stretch align-items-stretch gutters-col-lg-2 gutters-col-md-2 gutters-col-0 gutters-col-v-lg-2 gutters-col-v-md-2 gutters-col-v-2\">\n                    <!---->\n                    <div class=\"h-column h-column-container d-flex h-col-lg-auto h-col-md-auto h-col-auto style-1938-outer style-local-5062-c10-outer\">\n                      <div data-colibri-id=\"5062-c10\" class=\"d-flex h-flex-basis h-column__inner h-px-lg-2 h-px-md-2 h-px-2 v-inner-lg-2 v-inner-md-2 v-inner-2 style-1938 style-local-5062-c10 position-relative\">\n                        <!---->\n                        <!---->\n                        <div class=\"w-100 h-y-container h-column__content h-column__v-align flex-basis-100 align-self-lg-start align-self-md-start align-self-start\">\n                          <!---->\n                          <div data-colibri-id=\"5062-c11\" class=\"h-text h-text-component style-1941 style-local-5062-c11 position-relative h-element\">\n                            <!---->\n                            <!---->\n                            <div class=\"\">\n                              <p><strong style=\"color: black; font-family: &quot;Open Sans&quot;, sans-serif; font-size: 16px;\">President Chair:&nbsp;<\/strong>Demir Bark\u0131n \u00c7akmak\n                                <br>demirbarkincakmak@gmail.com\n                                <br>\n                              <\/p>\n                            <\/div>\n                          <\/div>\n                        <\/div>\n                      <\/div>\n                    <\/div>\n                    <div class=\"h-column h-column-container d-flex h-col-lg-auto h-col-md-auto h-col-auto style-1939-outer style-local-5062-c12-outer\">\n                      <div data-colibri-id=\"5062-c12\" class=\"d-flex h-flex-basis h-column__inner h-px-lg-2 h-px-md-2 h-px-2 v-inner-lg-2 v-inner-md-2 v-inner-2 style-1939 style-local-5062-c12 position-relative\">\n                        <!---->\n                        <!---->\n                        <div class=\"w-100 h-y-container h-column__content h-column__v-align flex-basis-100 align-self-lg-start align-self-md-start align-self-start\">\n                          <!---->\n                          <div data-colibri-id=\"5062-c13\" class=\"h-text h-text-component style-1942 style-local-5062-c13 position-relative h-element\">\n                            <!---->\n                            <!---->\n                            <div class=\"\">\n                              <p><strong style=\"font-size: 16px; color: black; font-family: &quot;Open Sans&quot;, sans-serif;\">Vice Chair:&nbsp;<\/strong>Derya \u00d6ztekin\n                                <br>deryaoztekiin@gmail.com\n                                <br>\n                              <\/p>\n                            <\/div>\n                          <\/div>\n                        <\/div>\n                      <\/div>\n                    <\/div>\n                    <div class=\"h-column h-column-container d-flex h-col-lg-auto h-col-md-auto h-col-auto style-1940-outer style-local-5062-c14-outer\">\n                      <div data-colibri-id=\"5062-c14\" class=\"d-flex h-flex-basis h-column__inner h-px-lg-2 h-px-md-2 h-px-2 v-inner-lg-2 v-inner-md-2 v-inner-2 style-1940 style-local-5062-c14 position-relative\">\n                        <!---->\n                        <!---->\n                        <div class=\"w-100 h-y-container h-column__content h-column__v-align flex-basis-100 align-self-lg-start align-self-md-start align-self-start\">\n                          <!---->\n                          <div data-colibri-id=\"5062-c15\" class=\"h-text h-text-component style-1943 style-local-5062-c15 position-relative h-element\">\n                            <!---->\n                            <!---->\n                            <div class=\"\">\n                              <p><strong style=\"font-size: 16px; color: black; font-family: &quot;Open Sans&quot;, sans-serif;\">Rapporteur:&nbsp;<\/strong>Aras Top\u00e7u<\/p>\n                            <\/div>\n                          <\/div>\n                        <\/div>\n                      <\/div>\n                    <\/div>\n                  <\/div>\n                <\/div>\n              <\/div>\n            <\/div>\n          <\/div>\n        <\/div>\n      <\/div>\n      <div data-colibri-id=\"5062-c16\" class=\"h-row-container gutters-row-lg-2 gutters-row-md-2 gutters-row-0 gutters-row-v-lg-2 gutters-row-v-md-2 gutters-row-v-2 style-1560 style-local-5062-c16 position-relative\">\n        <!---->\n        <div class=\"h-row justify-content-lg-center justify-content-md-center justify-content-center align-items-lg-stretch align-items-md-stretch align-items-stretch gutters-col-lg-2 gutters-col-md-2 gutters-col-0 gutters-col-v-lg-2 gutters-col-v-md-2 gutters-col-v-2\">\n          <!---->\n          <div class=\"h-column h-column-container d-flex h-col-lg-auto h-col-md-auto h-col-auto style-1561-outer style-local-5062-c17-outer\">\n            <div data-colibri-id=\"5062-c17\" class=\"d-flex h-flex-basis h-column__inner h-px-lg-2 h-px-md-2 h-px-2 v-inner-lg-2 v-inner-md-2 v-inner-2 style-1561 style-local-5062-c17 position-relative\">\n              <!---->\n              <!---->\n              <div class=\"w-100 h-y-container h-column__content h-column__v-align flex-basis-100 align-self-lg-start align-self-md-start align-self-start\">\n                <!---->\n                <div data-colibri-id=\"5062-c18\" class=\"h-x-container style-1562 style-local-5062-c18 position-relative h-element\">\n                  <!---->\n                  <div class=\"h-x-container-inner style-dynamic-5062-c18-group style-1562-spacing style-local-5062-c18-spacing\"><span class=\"h-button__outer style-1563-outer style-local-5062-c19-outer d-inline-flex h-element\"><a h-use-smooth-scroll=\"true\" href=\"https:\/\/munbu.bilkent.edu.tr\/wp-content\/uploads\/2026\/01\/MUNBU26_UNODC.pdf\"  data-colibri-id=\"5062-c19\" class=\"d-flex w-100 align-items-center h-button justify-content-lg-center justify-content-md-center justify-content-center style-1563 style-local-5062-c19 position-relative\"><!----><!----> <span>STUDY GUIDE<\/span><\/a>\n                    <\/span>\n                  <\/div>\n                <\/div>\n              <\/div>\n            <\/div>\n          <\/div>\n        <\/div>\n      <\/div>\n    <\/div>\n  <\/div>\n<\/div>","protected":false},"excerpt":{"rendered":"<p>United Nations Office on Drugs and Crime (UNODC) Co-Under Secretary General:&nbsp;Ba\u015fak Tuncer Co-Under Secretary General:&nbsp;Damlanur K\u0131l\u0131\u00e7 Agenda Item I:&nbsp;Improving Border Management and Technology Use to Prevent Migrant Smuggling Agenda Item II:&nbsp;Addressing the Impact of the Usage of Cryptocurrencies in Organized Crime and Building Meaningful Measures President Chair:&nbsp;Demir Bark\u0131n \u00c7akmak demirbarkincakmak@gmail.com Vice Chair:&nbsp;Derya \u00d6ztekin deryaoztekiin@gmail.com Rapporteur:&nbsp;Aras [&hellip;]<\/p>\n","protected":false},"author":1,"featured_media":0,"parent":0,"menu_order":0,"comment_status":"closed","ping_status":"closed","template":"page-templates\/full-width-page.php","meta":[],"_links":{"self":[{"href":"https:\/\/munbu.bilkent.edu.tr\/index.php?rest_route=\/wp\/v2\/pages\/5062"}],"collection":[{"href":"https:\/\/munbu.bilkent.edu.tr\/index.php?rest_route=\/wp\/v2\/pages"}],"about":[{"href":"https:\/\/munbu.bilkent.edu.tr\/index.php?rest_route=\/wp\/v2\/types\/page"}],"author":[{"embeddable":true,"href":"https:\/\/munbu.bilkent.edu.tr\/index.php?rest_route=\/wp\/v2\/users\/1"}],"replies":[{"embeddable":true,"href":"https:\/\/munbu.bilkent.edu.tr\/index.php?rest_route=%2Fwp%2Fv2%2Fcomments&post=5062"}],"version-history":[{"count":20,"href":"https:\/\/munbu.bilkent.edu.tr\/index.php?rest_route=\/wp\/v2\/pages\/5062\/revisions"}],"predecessor-version":[{"id":7879,"href":"https:\/\/munbu.bilkent.edu.tr\/index.php?rest_route=\/wp\/v2\/pages\/5062\/revisions\/7879"}],"wp:attachment":[{"href":"https:\/\/munbu.bilkent.edu.tr\/index.php?rest_route=%2Fwp%2Fv2%2Fmedia&parent=5062"}],"curies":[{"name":"wp","href":"https:\/\/api.w.org\/{rel}","templated":true}]}}